0000001011
What is 6baa0 (base 12) in base 13?
50cb8
-36b18 (base 13) to base 15
-1ecb5
-4454676 (base 8) to base 15
-18b4ec
What is -4130562 (base 7) in base 8?
-1706457
-4d9dd (base 15) to base 11
-15a868
Convert 42541423 (base 6) to base 9.
2325856
Convert 4622776 (base 9) to base 15.
344519
What is 21854561 (base 9) in base 6?
1015153344
Convert 5304527 (base 8) to base 14.
28a515
Convert 645245 (base 7) to base 12.
54b98
Convert -22212101122 (base 3) to base 10.
-174518
-44a5c (base 13) to base 3
-20100012012
Convert -1078792 (base 10) to base 8.
-4073010
Convert -113033011 (base 4) to base 16.
-173c5
Convert 2003320033 (base 4) to base 8.
2037017
-41275 (base 11) to base 13
-21543
What is -400156 (base 7) in base 10?
-67318
Convert 110012121212 (base 3) to base 4.
322222220
What is 7374446 (base 10) in base 9?
14778748
-2828903 (base 11) to base 8
-22454550
Convert -2027210 (base 8) to base 16.
-82e88
What is 1001322130 (base 4) in base 2?
1000001111010011100
Convert 674a7 (base 16) to base 10.
423079
-11413033 (base 5) to base 6
-2144340
Convert -3b39d6 (base 15) to base 2.
-1010110111001001110111
Convert -2072077 (base 10) to base 15.
-2ade37
What is -112011121000 (base 4) in base 5?
-2440223443
1162b02 (base 13) to base 8
24403353
Convert -340030000 (base 5) to base 6.
-51504442
677445 (base 13) to base 9
4534230
What is -111100112021 (base 3) in base 14?
-6bad3
Convert 133633015 (base 7) to base 9.
17325607
What is b25897 (base 14) in base 9?
12266767
14827 (base 11) to base 14
78d4
What is 121231122 (base 4) in base 5?
11332211
568324 (base 16) to base 6
321304244
-3080b (base 16) to base 10
-198667
Convert -90b9a (base 13) to base 5.
-31242120
4056747 (base 11) to base 8
33260515
-10397 (base 12) to base 4
-11030203
What is 171070 (base 8) in base 4?
33020320
What is 1015102 (base 6) in base 7?
263030
Convert -2503203 (base 6) to base 4.
-200130303
Convert 100100111001000011010 (base 2) to base 9.
2242215
What is 37324321 (base 8) in base 7?
126666244
Convert 28c18 (base 14) to base 13.
37075
-601d3 (base 15) to base 10
-304173
What is -1405452 (base 7) in base 15?
-3a550
Convert -452462 (base 7) to base 12.
-3a47b
-a454bb (base 12) to base 15
-35e968
What is 263133 (base 9) in base 3?
22010011010
-102121020102 (base 3) to base 5
-24301400
2fa06 (base 16) to base 2
101111101000000110
22202212112011 (base 3) to base 14
895161
-287300 (base 9) to base 2
-101010111100111100
-242459 (base 16) to base 11
-1378624
What is 413402112 (base 5) in base 3?
10012101100102
What is -126066356 (base 7) in base 11?
-465657a
-111010000101101011 (base 2) to base 7
-2010451
Convert -14b23b6 (base 12) to base 14.
-7b9718
11010000110120 (base 3) to base 9
4100416
-93cc6 (base 14) to base 5
-42402002
-137861 (base 15) to base 11
-58a896
What is -4d5c0 (base 14) in base 15?
-3b68e
What is 79ab7c (base 14) in base 10?
4140218
What is -221031220231 (base 4) in base 7?
-160554556
What is -2110023224 (base 5) in base 3?
-22020100200121
What is 21565402 (base 7) in base 5?
434140324
Convert b9c6e6 (base 16) to base 12.
40b191a
Convert -26547b (base 12) to base 6.
-21311035
Convert -6185215 (base 9) to base 11.
-1957390
What is 412743 (base 9) in base 12?
b9819
3527c (base 13) to base 6
2025325
Convert 1213b6 (base 13) to base 15.
87bb3
Convert 201012002112 (base 3) to base 5.
44041230
Convert -37a039 (base 13) to base 11.
-832696
What is 2734a6 (base 13) in base 11?
599760
-1730c17 (base 13) to base 11
-4272088
Convert 232210321 (base 6) to base 5.
2100344241
Convert -36848a (base 11) to base 12.
-240b31
Convert -2af (base 16) to base 15.
-30c
What is 8705005 (base 9) in base 11?
26a9590
Convert 2a6a20 (base 13) to base 3.
1221222212010
What is 2ac13 (base 15) in base 6?
2541330
Convert -3352592 (base 10) to base 14.
-633b0c
What is -506651 (base 7) in base 11?
-59a27
-22531a (base 12) to base 5
-120020410
7350b8 (base 12) to base 13
4b6191
Convert -835967 (base 10) to base 11.
-521090
-513410 (base 7) to base 5
-10301133
342133141 (base 5) to base 10
1521046
Convert -474f84 (base 16) to base 10.
-4673412
What is 84fce (base 16) in base 5?
114412333
What is -1084522 (base 11) in base 6?
-104335254
Convert 1600461 (base 7) to base 15.
44c20
Convert 13022023022 (base 4) to base 11.
1071a85
Convert -17032 (base 12) to base 4.
-20001212
What is -111001011000100 (base 2) in base 6?
-344004
Convert 7d24a (base 16) to base 14.
d4b34
What is 37039a8 (base 11) in base 16?
626088
-710257 (base 9) to base 5
-101420433
What is -2202321 (base 7) in base 10?
-269760
101111001111101000010010 (base 2) to base 14
1905598
What is -16978b1 (base 13) in base 14?
-d8aa39
-4575 (base 14) to base 9
-17478
What is -1245224 (base 6) in base 3?
-10111001021
Convert 101001011111011000 (base 2) to base 3.
22122010020
Convert -24526456 (base 7) to base 14.
-416d66
Convert -16461234 (base 7) to base 2.
-110001001011100010001
What is -144817 (base 10) in base 9?
-240577
Convert 8091707 (base 10) to base 14.
1108c31
What is 480a66a (base 12) in base 3?
222020212200001
What is -211101200121 (base 3) in base 10?
-440818
-193ca (base 16) to base 15
-20965
What is 783048 (base 9) in base 8?
1622136
What is -8b578 (base 16) in base 6?
-20122200
Convert b5037 (base 12) to base 9.
400717
11132012 (base 5) to base 12
49367
What is 634541 (base 10) in base 12?
267265
Convert 23000311301 (base 4) to base 5.
1214341100
-15041244 (base 6) to base 16
-7ea3c
What is -556a4 (base 12) in base 15?
-2388d
What is 201122221211 (base 3) in base 4?
1132133323
Convert 55e1a4 (base 16) to base 9.
11527543
What is -20010120210021 (base 3) in base 14?
-60ba84
-2213554 (base 7) to base 16
-428f2
What is 1022001512 (base 6) in base 3?
202012012112222
What is c032 (base 16) in base 10?
49202
What is -2a95192 (base 13) in base 8?
-64006466
Convert -30504411 (base 7) to base 5.
-1123244430
Convert -110122210022000 (base 3) to base 10.
-6727428
Convert -432222121 (base 5) to base 13.
-4c384c
What is 620768 (base 12) in base 7?
16023554
3528707 (base 9) to base 2
111010010000101101000
Convert 1531a6 (base 11) to base 16.
3a396
What is -20570 (base 15) in base 9?
-165516
What is 1442a (base 13) in base 14?
dc29
What is -3b1e2 (base 15) in base 13?
-682c1
-27011a (base 15) to base 8
-7112737
Convert 2abb4 (base 13) to base 10.
81098
1603126 (base 8) to base 6
13511210
-60829 (base 12) to base 10
-125601
210401533 (base 6) to base 10
3670689
What is -a55b (base 14) in base 16?
-6f55
What is 1032010100 (base 4) in base 10?
319760
What is -22bd5 (base 14) in base 3?
-11022010200
What is -1c30a (base 16) in base 8?
-341412
What is -46331 (base 8) in base 7?
-111233
What is -1012020022000 (base 3) in base 12?
-2671a6
340466 (base 7) to base 15
12cce
Convert -135493 (base 10) to base 6.
-2523141
What is -5139966 (base 11) in base 3?
-122002002211011
What is -10435 (base 16) in base 6?
-1232221
Convert -83995 (base 10) to base 14.
-22879
-111414 (base 8) to base 4
-21030030
123785 (base 12) to base 7
2343500
What is -55106325 (base 7) in base 2?
-10010000001100011111111
What is -23052 (base 10) in base 2?
-101101000001100
What is -2342547 (base 8) in base 16?
-9c567
Convert -1022021121200011 (base 3) to base 15.
-19a59ea
What is 6615320 (base 8) in base 2?
110110001101011010000
What is -73927 (base 12) in base 3?
-21201001011
1001101010011111000001 (base 2) to base 12
a22055
Convert 260201 (base 11) to base 7.
3325615
981521 (base 10) to base 6
33012025
What is 233321020 (base 4) in base 8?
577110
Convert -1058282 (base 9) to base 14.
-10bbaa
Convert -172104 (base 15) to base 10.
-1120729
Convert 222122120202 (base 3) to base 12.
2136a8
What is -2377650 (base 8) in base 14?
-130b32
What is 22201120101210 (base 3) in base 10?
4636731
302105201 (base 6) to base 14
97b809
What is 2376736 (base 8) in base 5?
131423224
1110100011010100001010 (base 2) to base 14
714282
What is -bc2a7 (base 15) in base 9?
-1111244
Convert 223313030012 (base 4) to base 5.
10420420441
What is -2331143 (base 6) in base 3?
-20010201100
-1207627 (base 9) to base 13
-19c285
What is 2310023323 (base 4) in base 6?
23452511
Convert -1019b2 (base 15) to base 16.
-bac0e
Convert 11751d (base 15) to base 11.
5201aa
What is -27452 (base 10) in base 6?
-331032
-67